et t be -2 - (3 - 4) - d. Suppose -4*i - 61 = -t*k, 2*i - 5 = -3*i. What is the tens digit of k?
1
Suppose 0 = 4*a + a - 25. Suppose 1 = -a*u + 16. Suppose 33 = u*i - 0*i. What is the units digit of i?
1
Let z = 15 + 14. What is the units digit of z?
9
Let q(y) = -30*y**2 + y. Let v be q(1). Let c = 14 + v. Let w = 22 + c. What is the units digit of w?
7
Let m(p) = 207*p**2 + p + 1. Let r be m(-1). What is the units digit of r/12 - 1/4?
7
Let u(l) = -3*l**3 - 4*l**2 + 3*l - 7. Let k(m) = -m**3 - m**2 + m - 2. Let b(p) = 8*k(p) - 3*u(p). What is the units digit of b(-4)?
9
Let b = 0 + -2. Let w = b - -7. Suppose -w*m + 5 = -15. What is the units digit of m?
4
Suppose -3*m = -2*p + 20, 3*p - 5*m = -p + 36. Suppose 3*u = -3*a + 117, 0 = -p*a + 3*a - 5*u + 43. What is the tens digit of a?
3
Let f be (27/6)/((-6)/(-8)). Let v be f/((1 - 0)*-1). What is the tens digit of (-33)/(-2)*v/(-9)?
1
Let w(s) = -62*s - 37. What is the tens digit of w(-4)?
1
What is the tens digit of 0/(2 + 0) + 17*23?
9
Let n = -23 - -9. Let b be (n/1)/(-2 - 0). Suppose -3*h + 4*y = -b, 4*h - y - y - 16 = 0. What is the units digit of h?
5
Suppose -236 = -3*i + 187. What is the units digit of i?
1
Suppose -2*m + 5*r = -3*m + 27, 33 = m + 2*r. What is the units digit of m?
7
Let u = 640 + -430. What is the tens digit of u?
1
Suppose -s = 1 + 1. Let w be (15/s)/(3/(-16)). What is the units digit of ((-6)/(-5))/(6/w)?
8
Suppose -13*x + 620 = -11*x. What is the units digit of x?
0
Let o = 129 + -66. What is the tens digit of o?
6
Let l(u) = u**3 - 2*u**2 - u - 2. Let w be l(3). Let t = w - 1. Suppose t - 9 = -z. What is the units digit of z?
6
Let z be (-5 - -3)*5/(-10). Suppose 0 = -5*k - z + 51. What is the units digit of k?
0
Let b(v) = 2*v**2 - 4*v + 3. What is the units digit of b(4)?
9
Suppose 61 = 2*j - 3*t, -4*j + 3*t + 127 = -2*t. What is the tens digit of j?
3
Suppose 4*z + 8 = 56. Suppose -2*t - z = -3*t. What is the units digit of t?
2
Let n = 179 - 100. What is the tens digit of n?
7
Suppose 3*y + 3*d = 87, 4*d - 15 - 51 = -2*y. Suppose y = -5*v, 3*r - 5*v - 18 = 28. What is the units digit of r?
7
Let s = 97 - 83. What is the units digit of s?
4
Let g = 596 - 243. What is the tens digit of g?
5
Let x(n) = n**2 - n - 1. Let p be x(0). Let k(b) = -3*b + 1. What is the units digit of k(p)?
4
Let i = -7 - -13. What is the units digit of i/(-4)*6/(-9)?
1
Suppose -4*s = 2*p - 40, 4*s = p + 2*p - 50. What is the units digit of 4/18 + 122/p?
7
Let c(f) = -f**3 + 5*f**2 - 6*f + 4. Suppose p - 1 = 3. Let q be c(p). Let a = q - -11. What is the units digit of a?
7
Let c(h) = h**2 - 3*h - 7. Let a be c(5). Let x be 0 - -1*(-1 - -2). Suppose -x - 2 = -a*p. What is the units digit of p?
1
Let m = 128 - 56. Suppose -m = -8*n + 5*n. What is the units digit of n?
4
Let a(f) = f**2 + 11*f + 5. What is the units digit of a(-11)?
5
Let m = -6 - -11. Suppose m*n - 14 = -2*r, 8 = n + 3*n. What is the units digit of (-2)/r*(0 + -1)?
1
Let u(y) = y**2 - 3*y + 6. Let t be u(4). Suppose 2*p + 2 = 0, p + t = -2*v + 33. What is the units digit of v?
2
Suppose -7 = -g - 0*g. Suppose g*y - 2*y = -5. Let i = y + 3. What is the units digit of i?
2
Let w(q) be the first derivative of -q**2/2 - q - 1. Let a be w(-5). Suppose 0 = -3*s + s - c + 6, 0 = a*s - 4*c. What is the units digit of s?
2
Let w be (2 - 2)/(-1) + 2. Let s be (w + (-1 - 0))*8. Suppose 2*t + s = 20. What is the units digit of t?
6
Let f be (-6)/(-4)*-2*1. Let w = f + 21. What is the units digit of 86/18 - (-4)/w?
5
Let k(l) = -2*l + 4*l + 2 - 3*l. Let o be k(-7). Let b(f) = -f**2 + 10*f + 1. What is the tens digit of b(o)?
1
Let r = -85 + 220. What is the hundreds digit of r?
1
Let c be 42/49*(21 - 0). Let q = c - 6. What is the tens digit of q?
1
Let r be 6/(-6)*(0 + -13). Let s = -6 + r. What is the units digit of s?
7
Suppose 9*a + 600 = 14*a. Suppose 7*m - m = a. What is the units digit of m?
0
Let i(f) = f + 1. Let w be i(-1). Suppose w = 4*y + 68 - 220. What is the tens digit of y?
3
Suppose 5*j - 2*n = 91, -j + 0*j - 5*n = -29. What is the units digit of j?
9
Suppose -l = -7 - 5. Suppose 5*y + l = y. What is the units digit of 3 - (-1 + y + 4)?
3
Let q = 12 - 10. Suppose q*c - 7 = 9. What is the units digit of c?
8
Let d = -44 - -60. What is the tens digit of d?
1
Suppose 3*a = -w + 15, 0*w - 21 = -5*a - 3*w. Let u(r) = r**2 + 1 - 2*r - 2*r**2 + a*r. What is the units digit of u(4)?
1
Let p = 8 - 14. What is the units digit of (0 + p/(-9))*15?
0
Suppose -5*q + 57 = -2*q. What is the units digit of q?
9
Suppose 12*k - 4*k - 32 = 0. What is the units digit of k?
4
Let i = 1 - -1. Suppose q - i = 9. What is the units digit of q?
1
Let q(z) = -z**3 - 8*z**2 + 7*z - 9. Let c = 3 + -12. What is the units digit of q(c)?
9
What is the tens digit of 0 + 44 + -2 + 1 + -3?
4
Suppose 0 = -4*j + 6*j - 4. Suppose 3*m + 183 = 5*n, j*n - 5*m - 25 = 33. What is the tens digit of n?
3
What is the tens digit of (-2 + 0)*1615/(-38)?
8
Suppose 3*t - 3*w - 759 = 0, -9*t = -12*t - w + 739. What is the hundreds digit of t?
2
Let x(b) = 4*b**2 + 3*b + 1. Let t be (-1 - -4)/(-1)*1. What is the tens digit of x(t)?
2
Suppose -7*g - 185 = -12*g. What is the tens digit of g?
3
What is the tens digit of (-2 - (-222)/(-9))*(-30)/10?
8
Let u(a) = a**2 - 6*a + 6. Let d be u(6). Suppose 2*w - d*w + 48 = 0. Suppose -5*y - w = -3*q, -q + 4*y - 3 = -0*q. What is the units digit of q?
9
Let a(j) be the third derivative of -j**4/12 - 2*j**3/3 - 4*j**2. Let f be a(-4). What is the units digit of -2 + 2 + -3 + f?
1
Let n = -10 + 21. Let i(v) = -v**2 + 13*v - 6. What is the tens digit of i(n)?
1
Suppose 6*r + 213 = -5*k + 7*r, 0 = 3*k + 4*r + 137. Let h = k + 60. What is the tens digit of h?
1
Let r = -365 + 551. What is the hundreds digit of r?
1
Let m(a) = -2*a**3 - 4*a**2 + 13*a + 6. What is the hundreds digit of m(-6)?
2
Let l = 0 + 0. Suppose q - 8 + 4 = l. What is the units digit of q + (-2 - 0) + 1?
3
Suppose 0 = 2*v + 3*v - 20. Suppose v*c - 3 - 1 = 0. What is the units digit of c?
1
Suppose -2*l = 4*j - 8, -4*l = 2*j + 2*j - 8. Suppose 3*o + o - 80 = l. What is the units digit of o?
0
Let q(a) = -2*a - 3. Let s be q(-3). What is the units digit of -4 + s + 39/3?
2
Let n(k) = 3*k**2 + 5*k + 3. What is the tens digit of n(-6)?
8
What is the hundreds digit of (0 + 4/6 + 0)*381?
2
Suppose 5 + 1 = 3*t. Suppose 0*n = -t*n + 6. Suppose -p = 1, -2*k + 4 = p + n*p. What is the units digit of k?
4
Let k be ((-2)/4)/(2/(-12)). Let i = k - 2. What is the units digit of i?
1
Suppose -2*y = -4*j - 0 - 4, 0 = -5*y + 10. Suppose 5*s - 4*s + 2 = j. What is the units digit of 7 - 1/s*-4?
5
Suppose -3*y + 21 = 3*j, -4*j + 2*y + 3 = y. Suppose j*n = 2*r + 2, 2*n + 5*r - 25 = n. What is the units digit of n?
5
Suppose 3*k = 2*c - 4, 4*c - 4*k = k + 12. Suppose 3*y - 26 = -c. What is the units digit of y?
6
Let z(r) = -15*r + 3*r + 9*r + 1. What is the units digit of z(-2)?
7
Let f(n) = 2*n + 7*n - 4*n. What is the tens digit of f(2)?
1
Suppose 5*y + 9 = -2*s, -3*y = 5*s + 18 + 33. Let w(u) be the first derivative of -u**4/4 - 11*u**3/3 + 11*u**2/2 + 2*u + 1. What is the units digit of w(s)?
4
Let a = 368 - -46. What is the hundreds digit of a?
4
What is the tens digit of (1 + 0)*(-1 - -42 - 3)?
3
Suppose 0*r - 4*r = 8. Let o be -9 - (0 + 0 - 2). Let v = r - o. What is the units digit of v?
5
Let m(k) = 22*k - 13. What is the tens digit of m(4)?
7
Suppose -z - 18 = z. What is the units digit of (-285)/z - 3/(-9)?
2
Suppose -s - 3*s = 44. Let p = s + 19. What is the units digit of p?
8
Let b(r) = -r**3 - 12*r**2 - 12*r - 6. What is the units digit of b(-11)?
5
Suppose 0*u = -4*u. Suppose u*d - 4 = d. What is the units digit of d - (0 + -3) - -7?
6
Suppose 0*s + 3*s - 114 = 0. What is the units digit of s?
8
Let u(b) = 19*b - 7. Let x(d) = 96*d - 36. Let t(m) = 21*u(m) - 4*x(m). What is the units digit of t(2)?
7
Suppose -2*u = -3*c - 7*u + 110, c + 4*u - 46 = 0. What is the tens digit of c?
3
Let b = -64 - -106. What is the units digit of b?
2
Suppose -2*u + 16 = 3*v, -4*u + 1 = 3*v - 19. What is the tens digit of 10/(1 + 2 - u)?
1
Let o(u) = -14*u - 6. What is the tens digit of o(-7)?
9
Let g(c) = -4*c + 2. Let p be g(-2). Suppose 0*j = -5*s - j + p, 2*s + j - 4 = 0. Suppos